{"id":7,"date":"2019-04-17T10:56:30","date_gmt":"2019-04-17T08:56:30","guid":{"rendered":"http:\/\/www.biurosiwik.pl\/?page_id=7"},"modified":"2020-03-09T14:12:01","modified_gmt":"2020-03-09T12:12:01","slug":"strona-w-budowie","status":"publish","type":"page","link":"https:\/\/www.biurosiwik.pl\/","title":{"rendered":"Biuro Rachunkowe Alina Siwik"},"content":{"rendered":"\t\t<div data-elementor-type=\"wp-post\" data-elementor-id=\"7\" class=\"elementor elementor-7\">\n\t\t\t\t\t\t<section class=\"elementor-section elementor-top-section elementor-element elementor-element-8576417 elementor-section-boxed elementor-section-height-default elementor-section-height-default\" data-id=\"8576417\" data-element_type=\"section\" data-e-type=\"section\" data-settings=\"{&quot;background_background&quot;:&quot;classic&quot;}\">\n\t\t\t\t\t\t<div class=\"elementor-container elementor-column-gap-default\">\n\t\t\t\t\t<div class=\"elementor-column elementor-col-100 elementor-top-column elementor-element elementor-element-f0b012b\" data-id=\"f0b012b\" data-element_type=\"column\" data-e-type=\"column\">\n\t\t\t<div class=\"elementor-widget-wrap elementor-element-populated\">\n\t\t\t\t\t\t<div class=\"elementor-element elementor-element-a87f15e elementor-widget elementor-widget-menu-anchor\" data-id=\"a87f15e\" data-element_type=\"widget\" data-e-type=\"widget\" data-widget_type=\"menu-anchor.default\">\n\t\t\t\t<div class=\"elementor-widget-container\">\n\t\t\t\t\t\t\t<div class=\"elementor-menu-anchor\" id=\"o-nas\"><\/div>\n\t\t\t\t\t\t<\/div>\n\t\t\t\t<\/div>\n\t\t\t\t\t<\/div>\n\t\t<\/div>\n\t\t\t\t\t<\/div>\n\t\t<\/section>\n\t\t\t\t<section class=\"elementor-section elementor-top-section elementor-element elementor-element-f412475 elementor-section-boxed elementor-section-height-default elementor-section-height-default\" data-id=\"f412475\" data-element_type=\"section\" data-e-type=\"section\" data-settings=\"{&quot;background_background&quot;:&quot;classic&quot;}\">\n\t\t\t\t\t\t<div class=\"elementor-container elementor-column-gap-default\">\n\t\t\t\t\t<div class=\"elementor-column elementor-col-100 elementor-top-column elementor-element elementor-element-3299bc8a\" data-id=\"3299bc8a\" data-element_type=\"column\" data-e-type=\"column\">\n\t\t\t<div class=\"elementor-widget-wrap elementor-element-populated\">\n\t\t\t\t\t\t<div class=\"elementor-element elementor-element-3681338 elementor-widget elementor-widget-heading\" data-id=\"3681338\" data-element_type=\"widget\" data-e-type=\"widget\" data-widget_type=\"heading.default\">\n\t\t\t\t<div class=\"elementor-widget-container\">\n\t\t\t\t\t<h1 class=\"elementor-heading-title elementor-size-default\">O nas<\/h1>\t\t\t\t<\/div>\n\t\t\t\t<\/div>\n\t\t\t\t<div class=\"elementor-element elementor-element-313313a8 elementor-widget elementor-widget-text-editor\" data-id=\"313313a8\" data-element_type=\"widget\" data-e-type=\"widget\" data-widget_type=\"text-editor.default\">\n\t\t\t\t<div class=\"elementor-widget-container\">\n\t\t\t\t\t\t\t\t\t<p><\/p>\n<p>Polska rzeczywisto\u015b\u0107 gospodarcza sprawia, \u017ce nat\u0142ok obowi\u0105zk\u00f3w zwi\u0105zanych z prowadzeniem ksi\u0119gowo\u015bci, mo\u017ce uniemo\u017cliwi\u0107 skuteczne zarz\u0105dzanie ka\u017cd\u0105, nawet najmniejsz\u0105 firm\u0105. W g\u0105szczu przepis\u00f3w bardzo \u0142atwo pope\u0142ni\u0107 pomy\u0142k\u0119, kt\u00f3rej efektem s\u0105 bardzo wysokie kary, mog\u0105ce doprowadzi\u0107 do ruiny ka\u017cdy podmiot gospodarczy. W\u0105tpliwo\u015bci rozstrzyga si\u0119 najcz\u0119\u015bciej na niekorzy\u015b\u0107 podatnika. Prowadzenie ksi\u0105g to wyzwanie, kt\u00f3remu nie ka\u017cdy mo\u017ce sprosta\u0107.<\/p>\n<p><strong>BIURO RACHUNKOWE ALINY SIWIK zajmuje si\u0119 tym zawodowo.<\/strong><\/p>\n<ul>\n<li>Poprzez przekazanie nam spraw administracyjnych, Klienci mog\u0105 skoncentrowa\u0107 si\u0119 na w\u0142a\u015bciwej dzia\u0142alno\u015bci i rozwoju w\u0142asnych firm.<\/li>\n<li>Celem dzia\u0142alno\u015bci biura jest pomoc w rozwi\u0105zywaniu problem\u00f3w klient\u00f3w i wyr\u0119czenie od wszelkich formalno\u015bci zwi\u0105zanych z prowadzeniem dzia\u0142alno\u015bci gospodarczej.<\/li>\n<li>Zmierzaj\u0105c do obni\u017cania obci\u0105\u017ce\u0144 publicznoprawnych ci\u0105\u017c\u0105cych na klientach oraz obni\u017cania koszt\u00f3w i usprawnienia ewidencji ksi\u0119gowej, us\u0142ugi wykonywane s\u0105 w oparciu o indywidualne potrzeby poszczeg\u00f3lnych firm, z trosk\u0105 o najwy\u017csz\u0105 jako\u015b\u0107 \u015bwiadczonych us\u0142ug oraz z pe\u0142nym zaanga\u017cowaniem w dzia\u0142aniu na rzecz klient\u00f3w.<\/li>\n<li>Dzia\u0142alno\u015b\u0107 biura jest obj\u0119ta ubezpieczeniem od ryzyka zwi\u0105zanego z us\u0142ugowym prowadzeniem ksi\u0105g rachunkowych.<\/li>\n<li>Biuro Rachunkowe Alina Siwik powsta\u0142o 1-go stycznia 2010 roku, jednak opiera si\u0119 na 10-letnim do\u015bwiadczeniu zawodowym.<\/li>\n<\/ul>\n<p>W\u0142a\u015bcicielk\u0105 biura rachunkowego jest Alina Siwik, magister finans\u00f3w i rachunkowo\u015bci, absolwentka Uniwersytetu w \u0141odzi , kt\u00f3ra w dniu 08.12.2009 r. uzyska\u0142a nadany przez Ministra Finans\u00f3w, Certyfikat Ksi\u0119gowy Nr 35634\/2009, uprawniaj\u0105cy do us\u0142ugowego prowadzenia ksi\u0105g rachunkowych.<\/p>\n<p><a href=\"http:\/\/www.biurosiwik.pl\/wp-content\/uploads\/2019\/04\/CERTYFIKAT-KSI\u0118GOWY.png\"><img fetchpriority=\"high\" decoding=\"async\" src=\"http:\/\/www.biurosiwik.pl\/wp-content\/uploads\/2019\/04\/CERTYFIKAT-KSI\u0118GOWY-228x300.png\" alt=\"\" class=\"size-medium wp-image-46 aligncenter\" width=\"228\" height=\"300\" srcset=\"https:\/\/www.biurosiwik.pl\/wp-content\/uploads\/2019\/04\/CERTYFIKAT-KSI\u0118GOWY-228x300.png 228w, https:\/\/www.biurosiwik.pl\/wp-content\/uploads\/2019\/04\/CERTYFIKAT-KSI\u0118GOWY-768x1009.png 768w, https:\/\/www.biurosiwik.pl\/wp-content\/uploads\/2019\/04\/CERTYFIKAT-KSI\u0118GOWY-780x1024.png 780w, https:\/\/www.biurosiwik.pl\/wp-content\/uploads\/2019\/04\/CERTYFIKAT-KSI\u0118GOWY.png 1066w\" sizes=\"(max-width: 228px) 100vw, 228px\" \/><\/a><br \/>Biuro Rachunkowe zajmuje si\u0119 us\u0142ugowym prowadzeniem ksi\u0119gowo\u015bci oraz spraw pracowniczych.\u00a0<\/p>\n<p><\/p>\t\t\t\t\t\t\t\t<\/div>\n\t\t\t\t<\/div>\n\t\t\t\t\t<\/div>\n\t\t<\/div>\n\t\t\t\t\t<\/div>\n\t\t<\/section>\n\t\t\t\t<section class=\"elementor-section elementor-top-section elementor-element elementor-element-f3615f2 elementor-section-boxed elementor-section-height-default elementor-section-height-default\" data-id=\"f3615f2\" data-element_type=\"section\" data-e-type=\"section\" data-settings=\"{&quot;background_background&quot;:&quot;classic&quot;}\">\n\t\t\t\t\t\t<div class=\"elementor-container elementor-column-gap-default\">\n\t\t\t\t\t<div class=\"elementor-column elementor-col-100 elementor-top-column elementor-element elementor-element-c0872fe\" data-id=\"c0872fe\" data-element_type=\"column\" data-e-type=\"column\">\n\t\t\t<div class=\"elementor-widget-wrap elementor-element-populated\">\n\t\t\t\t\t\t<div class=\"elementor-element elementor-element-35efc44 elementor-widget elementor-widget-menu-anchor\" data-id=\"35efc44\" data-element_type=\"widget\" data-e-type=\"widget\" data-widget_type=\"menu-anchor.default\">\n\t\t\t\t<div class=\"elementor-widget-container\">\n\t\t\t\t\t\t\t<div class=\"elementor-menu-anchor\" id=\"oferta\"><\/div>\n\t\t\t\t\t\t<\/div>\n\t\t\t\t<\/div>\n\t\t\t\t\t<\/div>\n\t\t<\/div>\n\t\t\t\t\t<\/div>\n\t\t<\/section>\n\t\t\t\t<section class=\"elementor-section elementor-top-section elementor-element elementor-element-5def22f elementor-section-boxed elementor-section-height-default elementor-section-height-default\" data-id=\"5def22f\" data-element_type=\"section\" data-e-type=\"section\" data-settings=\"{&quot;background_background&quot;:&quot;classic&quot;}\">\n\t\t\t\t\t\t<div class=\"elementor-container elementor-column-gap-default\">\n\t\t\t\t\t<div class=\"elementor-column elementor-col-100 elementor-top-column elementor-element elementor-element-3d6ffe5\" data-id=\"3d6ffe5\" data-element_type=\"column\" data-e-type=\"column\">\n\t\t\t<div class=\"elementor-widget-wrap elementor-element-populated\">\n\t\t\t\t\t\t<div class=\"elementor-element elementor-element-608d781 elementor-widget elementor-widget-heading\" data-id=\"608d781\" data-element_type=\"widget\" data-e-type=\"widget\" data-widget_type=\"heading.default\">\n\t\t\t\t<div class=\"elementor-widget-container\">\n\t\t\t\t\t<h1 class=\"elementor-heading-title elementor-size-default\">Oferta Biura<\/h1>\t\t\t\t<\/div>\n\t\t\t\t<\/div>\n\t\t\t\t<div class=\"elementor-element elementor-element-77a1f43 elementor-widget elementor-widget-text-editor\" data-id=\"77a1f43\" data-element_type=\"widget\" data-e-type=\"widget\" data-widget_type=\"text-editor.default\">\n\t\t\t\t<div class=\"elementor-widget-container\">\n\t\t\t\t\t\t\t\t\t<p>Szanowni Pa\u0144stwo!<br \/>Biuro Rachunkowe jest podmiotem wyspecjalizowanym w prowadzeniu podatkowych ksi\u0105g przychod\u00f3w i rozchod\u00f3w (PKPiR) oraz pe\u0142nej ksi\u0119gowo\u015bci (pe\u0142ne ksi\u0119gi rachunkowe). Na \u017cyczenie Klienta dokumenty mog\u0105 by\u0107 odbierane z jego siedziby. Zakres us\u0142ug ksi\u0119gowych kieruje si\u0119 dla os\u00f3b fizycznych (podatkowa ksi\u0119ga przychod\u00f3w i rozchod\u00f3w), sp\u00f3\u0142ek cywilnych, sp\u00f3\u0142ek jawnych, sp\u00f3\u0142ek z o.o., Stowarzysze\u0144 oraz innych podmiot\u00f3w prowadz\u0105cych pe\u0142n\u0105 ksi\u0119gowo\u015b\u0107.<\/p>\n<p>Zapraszamy jednostki szukaj\u0105ce profesjonalnej obs\u0142ugi ksi\u0119gowej w tym r\u00f3wnie\u017c korzystaj\u0105ce z dotacji UE ( projekty finansowane ze \u015brodk\u00f3w UE).<\/p>\n<p>W ramach wsp\u00f3\u0142pracy \u015bwiadczone s\u0105 us\u0142ugi w zakresie:<\/p>\n<ul>\n<li>prowadzenia ksi\u0105g handlowych,<\/li>\n<li>sporz\u0105dzania sprawozda\u0144 finansowych,<\/li>\n<li>prowadzenia podatkowych ksi\u0105g przychod\u00f3w i rozchod\u00f3w,<\/li>\n<li>prowadzenia ewidencji zakupu i sprzeda\u017cy dla cel\u00f3w podatku od towar\u00f3w i us\u0142ug,<\/li>\n<li>prowadzenia innych ewidencji, w tym ewidencji \u015brodk\u00f3w trwa\u0142ych i warto\u015bci niematerialnych i prawnych, ewidencji wyposa\u017cenia,<\/li>\n<li>sporz\u0105dzania deklaracji podatkowych,<\/li>\n<li>sporz\u0105dzania zezna\u0144 rocznych PIT i CIT,<\/li>\n<li>sporz\u0105dzania sprawozda\u0144 GUS,<\/li>\n<li>sporz\u0105dzania deklaracji ZUS ,<\/li>\n<li>prowadzenia spraw pracowniczych, w szczeg\u00f3lno\u015bci sporz\u0105dzania um\u00f3w o prac\u0119, um\u00f3w zlece\u0144 i o dzie\u0142o, \u015bwiadectw pracy, list p\u0142ac, prowadzenia akt osobowych, kartoteki wynagrodze\u0144, zg\u0142aszania i wyrejestrowywania z ubezpiecze\u0144 spo\u0142ecznych i zdrowotnych,<\/li>\n<li>sta\u0142ego informowania klient\u00f3w o zmianach w przepisach prawno-podatkowych dotycz\u0105cych wykonywanej dzia\u0142alno\u015bci gospodarczej,<\/li>\n<li>sporz\u0105dzania przelew\u00f3w na podatki i dla ZUS,<\/li>\n<li>reprezentacji podatnika wobec US i ZUS oraz obs\u0142ugi kontroli zewn\u0119trznych.<\/li>\n<\/ul>\n<p>Ponadto mog\u0105 by\u0107 wykonywane tak\u017ce inne us\u0142ugi wed\u0142ug potrzeb i wymaga\u0144 klienta. <br \/>Tak\u017ce pomoc w bezproblemowym rozpocz\u0119ciu dzia\u0142alno\u015bci gospodarczej, udzielaj\u0105c wskaz\u00f3wek dotycz\u0105cych za\u0142o\u017cenia i rejestracji firm.<\/p>\n<p>Dotyczy to w szczeg\u00f3lno\u015bci:<\/p>\n<ul>\n<li>pomocy w wyborze formy prawnej i sposobu opodatkowania wykonywanej dzia\u0142alno\u015bci gospodarczej,<\/li>\n<li>rejestracji w Krajowym Rejestrze S\u0105dowym lub dokonania wpisu do Ewidencji Dzia\u0142alno\u015bci Gospodarczej,<\/li>\n<li>rejestracji w Urz\u0119dzie Statystycznym (REGON),<\/li>\n<li>rejestracji w Urz\u0119dzie Skarbowym (NIP-1 lub NIP-2, VAT-R),<\/li>\n<li>rejestracji w Zak\u0142adzie Ubezpiecze\u0144 Spo\u0142ecznych,<\/li>\n<li>opracowania polityki rachunkowo\u015bci oraz otwarcia ksi\u0105g rachunkowych zgodnie z Ustaw\u0105 o Rachunkowo\u015bci,<\/li>\n<li>przygotowania um\u00f3w o prac\u0119 dla nowych pracownik\u00f3w,<\/li>\n<li>rejestracji pracownik\u00f3w w Zak\u0142adzie Ubezpiecze\u0144 Spo\u0142ecznych.<\/li>\n<\/ul>\n<p>Podmiotom, z kt\u00f3rymi zostanie nawi\u0105zana wsp\u00f3\u0142praca zapewniamy fachow\u0105, terminow\u0105 i rzeteln\u0105 obs\u0142ug\u0119, dostarczanie deklaracji podatkowych i ZUS do urz\u0119d\u00f3w, oraz pe\u0142n\u0105 dyskrecj\u0119 w zakresie danych firmy.<\/p>\t\t\t\t\t\t\t\t<\/div>\n\t\t\t\t<\/div>\n\t\t\t\t\t<\/div>\n\t\t<\/div>\n\t\t\t\t\t<\/div>\n\t\t<\/section>\n\t\t\t\t<section class=\"elementor-section elementor-top-section elementor-element elementor-element-da93618 elementor-section-boxed elementor-section-height-default elementor-section-height-default\" data-id=\"da93618\" data-element_type=\"section\" data-e-type=\"section\" data-settings=\"{&quot;background_background&quot;:&quot;classic&quot;}\">\n\t\t\t\t\t\t<div class=\"elementor-container elementor-column-gap-default\">\n\t\t\t\t\t<div class=\"elementor-column elementor-col-100 elementor-top-column elementor-element elementor-element-ba22802\" data-id=\"ba22802\" data-element_type=\"column\" data-e-type=\"column\">\n\t\t\t<div class=\"elementor-widget-wrap elementor-element-populated\">\n\t\t\t\t\t\t<div class=\"elementor-element elementor-element-9341d77 elementor-widget elementor-widget-menu-anchor\" data-id=\"9341d77\" data-element_type=\"widget\" data-e-type=\"widget\" data-widget_type=\"menu-anchor.default\">\n\t\t\t\t<div class=\"elementor-widget-container\">\n\t\t\t\t\t\t\t<div class=\"elementor-menu-anchor\" id=\"cennik\"><\/div>\n\t\t\t\t\t\t<\/div>\n\t\t\t\t<\/div>\n\t\t\t\t\t<\/div>\n\t\t<\/div>\n\t\t\t\t\t<\/div>\n\t\t<\/section>\n\t\t\t\t<section class=\"elementor-section elementor-top-section elementor-element elementor-element-a672ce7 elementor-section-boxed elementor-section-height-default elementor-section-height-default\" data-id=\"a672ce7\" data-element_type=\"section\" data-e-type=\"section\" data-settings=\"{&quot;background_background&quot;:&quot;classic&quot;}\">\n\t\t\t\t\t\t<div class=\"elementor-container elementor-column-gap-default\">\n\t\t\t\t\t<div class=\"elementor-column elementor-col-100 elementor-top-column elementor-element elementor-element-095bc7f\" data-id=\"095bc7f\" data-element_type=\"column\" data-e-type=\"column\">\n\t\t\t<div class=\"elementor-widget-wrap elementor-element-populated\">\n\t\t\t\t\t\t<div class=\"elementor-element elementor-element-2343c8c elementor-widget elementor-widget-heading\" data-id=\"2343c8c\" data-element_type=\"widget\" data-e-type=\"widget\" data-widget_type=\"heading.default\">\n\t\t\t\t<div class=\"elementor-widget-container\">\n\t\t\t\t\t<h1 class=\"elementor-heading-title elementor-size-default\">Cennik us\u0142ug<\/h1>\t\t\t\t<\/div>\n\t\t\t\t<\/div>\n\t\t\t\t<div class=\"elementor-element elementor-element-4c0ce9b elementor-widget elementor-widget-text-editor\" data-id=\"4c0ce9b\" data-element_type=\"widget\" data-e-type=\"widget\" data-widget_type=\"text-editor.default\">\n\t\t\t\t<div class=\"elementor-widget-container\">\n\t\t\t\t\t\t\t\t\t<ul>\n<li>prowadzenie podatkowej ksi\u0119gi przychod\u00f3w i rozchod\u00f3w ju\u017c od 150 z\u0142 netto miesi\u0119cznie<\/li>\n<li>prowadzenie pe\u0142nych ksi\u0105g rachunkowych ju\u017c od 500 z\u0142 netto miesi\u0119cznie<\/li>\n<li>sporz\u0105dzanie listy p\u0142ac oraz rozlicze\u0144 z ZUS 40,65 z\u0142 netto od jednego pracownika<\/li>\n<\/ul>\n<p>Powy\u017csze ceny s\u0105 jedynie przyk\u0142adowe, konkretna cena ustalana jest indywidualnie z ka\u017cdym klientem dla konkretnego podmiotu.<\/p>\n<p>Na wysoko\u015b\u0107 op\u0142aty najwi\u0119kszy wp\u0142yw maj\u0105 poni\u017csze czynniki: <\/p>\n<ul>\n<li>zakres \u015bwiadczonych us\u0142ug,<\/li>\n<li>ilo\u015b\u0107 dokument\u00f3w ksi\u0119gowych w miesi\u0105cu,<\/li>\n<li>ilo\u015b\u0107 pracownik\u00f3w i wsp\u00f3\u0142w\u0142a\u015bcicieli,<\/li>\n<li>rodzaj prowadzonej dzia\u0142alno\u015bci,<\/li>\n<li>wielko\u015b\u0107 obrot\u00f3w,<\/li>\n<li>indywidualne potrzeby klienta.<\/li>\n<\/ul>\t\t\t\t\t\t\t\t<\/div>\n\t\t\t\t<\/div>\n\t\t\t\t\t<\/div>\n\t\t<\/div>\n\t\t\t\t\t<\/div>\n\t\t<\/section>\n\t\t\t\t<section class=\"elementor-section elementor-top-section elementor-element elementor-element-10cf1f8 elementor-section-boxed elementor-section-height-default elementor-section-height-default\" data-id=\"10cf1f8\" data-element_type=\"section\" data-e-type=\"section\" data-settings=\"{&quot;background_background&quot;:&quot;classic&quot;}\">\n\t\t\t\t\t\t<div class=\"elementor-container elementor-column-gap-default\">\n\t\t\t\t\t<div class=\"elementor-column elementor-col-100 elementor-top-column elementor-element elementor-element-6f15fe5\" data-id=\"6f15fe5\" data-element_type=\"column\" data-e-type=\"column\">\n\t\t\t<div class=\"elementor-widget-wrap elementor-element-populated\">\n\t\t\t\t\t\t<div class=\"elementor-element elementor-element-9ab04d5 elementor-widget elementor-widget-menu-anchor\" data-id=\"9ab04d5\" data-element_type=\"widget\" data-e-type=\"widget\" data-widget_type=\"menu-anchor.default\">\n\t\t\t\t<div class=\"elementor-widget-container\">\n\t\t\t\t\t\t\t<div class=\"elementor-menu-anchor\" id=\"mapa\"><\/div>\n\t\t\t\t\t\t<\/div>\n\t\t\t\t<\/div>\n\t\t\t\t\t<\/div>\n\t\t<\/div>\n\t\t\t\t\t<\/div>\n\t\t<\/section>\n\t\t\t\t<section class=\"elementor-section elementor-top-section elementor-element elementor-element-dc164d2 elementor-section-boxed elementor-section-height-default elementor-section-height-default\" data-id=\"dc164d2\" data-element_type=\"section\" data-e-type=\"section\" data-settings=\"{&quot;background_background&quot;:&quot;classic&quot;}\">\n\t\t\t\t\t\t<div class=\"elementor-container elementor-column-gap-default\">\n\t\t\t\t\t<div class=\"elementor-column elementor-col-100 elementor-top-column elementor-element elementor-element-b492e72\" data-id=\"b492e72\" data-element_type=\"column\" data-e-type=\"column\">\n\t\t\t<div class=\"elementor-widget-wrap elementor-element-populated\">\n\t\t\t\t\t\t<div class=\"elementor-element elementor-element-6c666f1 elementor-widget elementor-widget-google_maps\" data-id=\"6c666f1\" data-element_type=\"widget\" data-e-type=\"widget\" data-widget_type=\"google_maps.default\">\n\t\t\t\t<div class=\"elementor-widget-container\">\n\t\t\t\t\t\t\t<div class=\"elementor-custom-embed\">\n\t\t\t<iframe loading=\"lazy\"\n\t\t\t\t\tsrc=\"https:\/\/maps.google.com\/maps?q=Biuro%20Rachunkowe%20Alina%20Siwik&#038;t=m&#038;z=15&#038;output=embed&#038;iwloc=near\"\n\t\t\t\t\ttitle=\"Biuro Rachunkowe Alina Siwik\"\n\t\t\t\t\taria-label=\"Biuro Rachunkowe Alina Siwik\"\n\t\t\t><\/iframe>\n\t\t<\/div>\n\t\t\t\t\t\t<\/div>\n\t\t\t\t<\/div>\n\t\t\t\t\t<\/div>\n\t\t<\/div>\n\t\t\t\t\t<\/div>\n\t\t<\/section>\n\t\t\t\t<section class=\"elementor-section elementor-top-section elementor-element elementor-element-6685522 elementor-section-boxed elementor-section-height-default elementor-section-height-default\" data-id=\"6685522\" data-element_type=\"section\" data-e-type=\"section\" data-settings=\"{&quot;background_background&quot;:&quot;classic&quot;}\">\n\t\t\t\t\t\t<div class=\"elementor-container elementor-column-gap-default\">\n\t\t\t\t\t<div class=\"elementor-column elementor-col-100 elementor-top-column elementor-element elementor-element-a3a146f\" data-id=\"a3a146f\" data-element_type=\"column\" data-e-type=\"column\">\n\t\t\t<div class=\"elementor-widget-wrap elementor-element-populated\">\n\t\t\t\t\t\t<div class=\"elementor-element elementor-element-4e6841c elementor-widget elementor-widget-menu-anchor\" data-id=\"4e6841c\" data-element_type=\"widget\" data-e-type=\"widget\" data-widget_type=\"menu-anchor.default\">\n\t\t\t\t<div class=\"elementor-widget-container\">\n\t\t\t\t\t\t\t<div class=\"elementor-menu-anchor\" id=\"kontakt\"><\/div>\n\t\t\t\t\t\t<\/div>\n\t\t\t\t<\/div>\n\t\t\t\t\t<\/div>\n\t\t<\/div>\n\t\t\t\t\t<\/div>\n\t\t<\/section>\n\t\t\t\t<\/div>\n\t\t","protected":false},"excerpt":{"rendered":"<p>O nas Polska rzeczywisto\u015b\u0107 gospodarcza sprawia, \u017ce nat\u0142ok obowi\u0105zk\u00f3w zwi\u0105zanych z prowadzeniem ksi\u0119gowo\u015bci, mo\u017ce uniemo\u017cliwi\u0107 skuteczne zarz\u0105dzanie ka\u017cd\u0105, nawet najmniejsz\u0105 firm\u0105. W g\u0105szczu przepis\u00f3w bardzo \u0142atwo pope\u0142ni\u0107 pomy\u0142k\u0119, kt\u00f3rej efektem s\u0105 bardzo wysokie kary, mog\u0105ce doprowadzi\u0107 do ruiny ka\u017cdy podmiot gospodarczy. W\u0105tpliwo\u015bci rozstrzyga si\u0119 najcz\u0119\u015bciej na niekorzy\u015b\u0107 podatnika. Prowadzenie ksi\u0105g [&hellip;]<\/p>\n","protected":false},"author":1,"featured_media":0,"parent":0,"menu_order":0,"comment_status":"closed","ping_status":"closed","template":"","meta":{"_themeisle_gutenberg_block_has_review":false,"footnotes":""},"class_list":["post-7","page","type-page","status-publish","hentry"],"_links":{"self":[{"href":"https:\/\/www.biurosiwik.pl\/index.php?rest_route=\/wp\/v2\/pages\/7","targetHints":{"allow":["GET"]}}],"collection":[{"href":"https:\/\/www.biurosiwik.pl\/index.php?rest_route=\/wp\/v2\/pages"}],"about":[{"href":"https:\/\/www.biurosiwik.pl\/index.php?rest_route=\/wp\/v2\/types\/page"}],"author":[{"embeddable":true,"href":"https:\/\/www.biurosiwik.pl\/index.php?rest_route=\/wp\/v2\/users\/1"}],"replies":[{"embeddable":true,"href":"https:\/\/www.biurosiwik.pl\/index.php?rest_route=%2Fwp%2Fv2%2Fcomments&post=7"}],"version-history":[{"count":19,"href":"https:\/\/www.biurosiwik.pl\/index.php?rest_route=\/wp\/v2\/pages\/7\/revisions"}],"predecessor-version":[{"id":161,"href":"https:\/\/www.biurosiwik.pl\/index.php?rest_route=\/wp\/v2\/pages\/7\/revisions\/161"}],"wp:attachment":[{"href":"https:\/\/www.biurosiwik.pl\/index.php?rest_route=%2Fwp%2Fv2%2Fmedia&parent=7"}],"curies":[{"name":"wp","href":"https:\/\/api.w.org\/{rel}","templated":true}]}}